MONTHLY CLIMATOLOGICAL SUMMARY for AUG. 2004

NAME: Bremen Aumund   CITY: Bremen STATE: Deutschland
ELEV: 12 m LAT: 0000:8:49 O LONG: 053:05:59 N

                            TEMPERATURE ( C), RAIN (mm), WIND SPEED (kn)

                                                 HEAT     COOL          AVG
      MEAN                                       DEG      DEG           WIND                       DOM
DAY   TEMP    HIGH   TIME      LOW     TIME      DAYS     DAYS    RAIN  SPEED   HIGH     TIME      DIR
----------------------------------------------------------------------------------------------------------------------------------------------------------
01    19.8    25.2   16:26p    15.6   05:39a     00.0     01.5   00.0   01.5    10.0    16:22p     NNW
02    19.9    26.5   18:28p    14.4   06:06a     00.0     01.6   00.0   01.1    09.0    18:50p     NNW
03    20.3    26.9   17:57p    14.5   05:04a     00.0     02.0   00.0   01.3    10.0    13:44p      N 
04    21.6    29.1   17:26p    14.6   06:20a     00.0     03.3   00.0   00.5    08.0    17:15p      NE
05    23.9    31.7   16:51p    17.0   06:35a     00.0     05.6   00.0   00.3    07.0    17:11p     ENE
06    24.3    31.3   17:58p    18.7   06:50a     00.0     06.0   00.0   00.3    07.0    14:01p      E 
07    23.4    31.2   17:24p    16.3   07:00a     00.0     05.1   00.0   00.6    13.0    13:54p     ESE
08    23.6    31.0   17:54p    17.2   06:56a     00.0     05.3   00.0   00.7    11.0    13:20p     ESE
09    22.2    31.6   17:48p    16.8   05:40a     00.0     03.9   00.0   00.1    06.0    01:49a      E 
10    23.7    31.6   15:38p    17.1   07:02a     00.0     05.4   00.0   00.5    13.0    13:46p      E 
11    21.1    26.5   18:34p    17.4   23:59p     00.0     02.8   00.0   00.8    09.0    16:33p      S 
12    21.5    29.5   16:18p    14.6   06:10a     00.0     03.2   01.3   00.6    13.0    21:52p     SSW
13    17.9    21.2   18:13p    16.3   03:51a     00.4     00.0   23.3   03.5    15.0    01:24a      SW
14    19.2    25.5   17:47p    15.6   06:17a     00.0     00.9   00.6   01.2    09.0    10:42a     NNW
15    18.1    21.0   19:11p    15.5   01:12a     00.2     00.0   00.0   02.6    11.0    12:01p      SW
16    18.6    20.6   18:34p    16.5   00:27a     00.0     00.3   06.0   02.7    09.0    20:51p      S 
17    19.5    25.7   17:09p    15.1   03:48a     00.0     01.2   15.8   02.0    10.0    17:36p      SW
18    21.2    27.6   18:38p    17.2   03:34a     00.0     02.9   00.0   03.0    15.0    14:33p     SSW
19    19.8    23.8   14:37p    16.9   07:13a     00.0     01.5   05.4   06.1    23.0    14:51p     SSW
20    16.9    21.6   12:54p    14.9   05:40a     01.4     00.0   05.4   04.0    21.0    13:21p     SSW
21    15.1    18.4   12:59p    11.9   23:59p     03.2     00.0   04.4   02.7    11.0    14:55p     WSW
22    14.3    21.6   15:05p    09.4   07:05a     04.0     00.0   00.3   02.1    11.0    17:29p      W 
23    14.6    19.0   17:16p    09.1   07:08a     03.7     00.0   00.0   00.1    05.0    17:31p     ESE
24    17.0    22.5   13:40p    13.1   00:17a     01.3     00.0   23.9   02.4    11.0    17:20p      S 
25    15.9    19.7   14:24p    14.1   00:59a     02.4     00.0   10.4   04.5    16.0    12:09p     SSW
26    15.9    19.7   11:37a    13.3   03:59a     02.4     00.0   10.1   03.4    13.0    17:39p      W 
27    13.8    15.3   13:08p    11.4   05:33a     04.5     00.0   06.9   04.2    14.0    19:49p     SSW
28
29
30
31
----------------------------------------------------------------------------------------------------------------------------------------------------------
   19.4 (20.0) 31.7   day 05   9.1   day 23    23.5     52.6    113.7    2.0     23.0    day  19     SW
Note: Average in brackets uses the NOAA/Climate method of the average of the daily maximum and minumum temperatures
Max Rain: 23.9 ON 24-08-04
Days of Rain: 13 (> .2mm) 10 (> 2mm) 2 (> 20mm)